ase 3
101
Convert -30 (base 7) to base 2.
-10101
Convert -124 (base 8) to base 11.
-77
What is 3 (base 11) in base 10?
3
What is 76 (base 14) in base 15?
6e
What is -11b (base 15) in base 4?
-3323
Convert 22 (base 5) to base 8.
14
Convert b (base 13) to base 14.
b
Convert -343 (base 6) to base 7.
-252
What is 10 (base 14) in base 16?
e
-27 (base 9) to base 16
-19
Convert 20 (base 10) to base 9.
22
What is 0 (base 12) in base 7?
0
What is -1 (base 8) in base 5?
-1
What is -2221 (base 3) in base 11?
-72
Convert -3 (base 12) to base 13.
-3
What is -17 (base 15) in base 5?
-42
-212 (base 6) to base 7
-143
Convert -3 (base 6) to base 7.
-3
What is -3 (base 15) in base 11?
-3
Convert -28 (base 10) to base 5.
-103
What is 2d (base 15) in base 5?
133
2 (base 15) to base 10
2
-10011001 (base 2) to base 16
-99
Convert 7 (base 12) to base 14.
7
Convert -22 (base 5) to base 14.
-c
What is 1001 (base 3) in base 14?
20
-101 (base 7) to base 14
-38
Convert -a6 (base 12) to base 6.
-330
What is 25 (base 7) in base 16?
13
Convert -6 (base 16) to base 8.
-6
Convert -be (base 15) to base 9.
-218
-18 (base 9) to base 16
-11
4 (base 6) to base 8
4
What is -1111 (base 2) in base 10?
-15
-1 (base 12) to base 3
-1
Convert -2 (base 16) to base 3.
-2
Convert -1222 (base 3) to base 5.
-203
What is 105 (base 7) in base 10?
54
What is 217 (base 9) in base 2?
10110010
-1 (base 2) to base 12
-1
What is 201 (base 3) in base 15?
14
What is 206 (base 8) in base 9?
158
Convert 2 (base 5) to base 15.
2
What is 2 (base 13) in base 4?
2
-12 (base 3) to base 15
-5
What is 1 (base 7) in base 14?
1
Convert -55 (base 11) to base 9.
-66
11000001 (base 2) to base 15
cd
Convert -37 (base 8) to base 6.
-51
What is 11 (base 6) in base 9?
7
Convert -1 (base 3) to base 10.
-1
-4 (base 7) to base 9
-4
Convert -a7 (base 15) to base 3.
-12211
-184 (base 10) to base 16
-b8
Convert -10 (base 9) to base 5.
-14
Convert 22 (base 6) to base 7.
20
Convert 17 (base 11) to base 6.
30
What is -79 (base 10) in base 3?
-2221
What is -6 (base 8) in base 16?
-6
0 (base 5) to base 6
0
4 (base 10) to base 16
4
15 (base 6) to base 16
b
2 (base 9) to base 13
2
111 (base 3) to base 6
21
What is 16 (base 10) in base 5?
31
What is -56 (base 12) in base 3?
-2110
3 (base 6) to base 8
3
What is 1 (base 2) in base 14?
1
What is -3 (base 15) in base 9?
-3
5 (base 13) to base 2
101
What is -101 (base 4) in base 9?
-18
110 (base 2) to base 4
12
111001 (base 2) to base 15
3c
Convert -1 (base 3) to base 7.
-1
What is 65 (base 7) in base 14?
35
What is 3 (base 7) in base 13?
3
What is 1 (base 4) in base 8?
1
What is -1100 (base 2) in base 10?
-12
What is 6 (base 10) in base 2?
110
-3000 (base 4) to base 3
-21010
3 (base 15) to base 14
3
101 (base 2) to base 16
5
What is 153 (base 7) in base 6?
223
What is -56 (base 16) in base 15?
-5b
Convert 2 (base 7) to base 13.
2
a9 (base 12) to base 9
153
What is 432 (base 5) in base 6?
313
What is 12 (base 6) in base 14?
8
-223 (base 4) to base 13
-34
What is 223 (base 6) in base 10?
87
-20 (base 15) to base 6
-50
-10 (base 14) to base 15
-e
What is 6 (base 10) in base 14?
6
-3 (base 15) to base 4
-3
What is 8 (base 16) in base 15?
8
2 (base 4) to base 6
2
Convert -1110 (base 2) to base 6.
-22
What is 111 (base 4) in base 11?
1a
-78 (base 9) to base 5
-241
What is -1 (base 12) in base 15?
-1
What is -e (base 15) in base 4?
-32
What is 1a (base 14) in base 12?
20
Convert -5 (base 6) to base 7.
-5
What is 0 (base 7) in base 15?
0
What is 11 (base 2) in base 3?
10
Convert -27 (base 9) to base 7.
-34
What is 3 (base 15) in base 10?
3
Convert -2 (base 14) to base 15.
-2
What is 7a (base 11) in base 15?
5c
Convert -1 (base 10) to base 8.
-1
Convert -2 (base 6) to base 5.
-2
-35 (base 6) to base 13
-1a
What is -17 (base 9) in base 5?
-31
What is 94 (base 15) in base 11?
117
Convert -74 (base 13) to base 9.
-115
-100 (base 2) to base 11
-4
Convert 1 (base 8) to base 2.
1
Convert 2 (base 11) to base 2.
10
What is 1 (base 5) in base 2?
1
What is -b7 (base 12) in base 13?
-a9
1 (base 2) to base 14
1
What is 24 (base 8) in base 9?
22
7e (base 15) to base 12
9b
e (base 16) to base 14
10
What is 20 (base 6) in base 11?
11
120 (base 3) to base 10
15
Convert 12 (base 16) to base 4.
102
1 (base 16) to base 2
1
-4 (base 10) to base 9
-4
What is 171 (base 8) in base 7?
232
Convert -6 (base 8) to base 15.
-6
What is 28 (base 15) in base 16?
26
Convert 32 (base 5) to base 16.
11
Convert 10101011 (base 2) to base 4.
2223
-11110 (base 2) to base 5
-110
46 (base 8) to base 3
1102
1000 (base 2) to base 10
8
What is -1e (base 16) in base 7?
-42
Convert -4 (base 16) to base 6.
-4
Convert 26 (base 15) to base 7.
51
Convert 1121 (base 5) to base 2.
10100001
Convert 45 (base 10) to base 7.
63
-1 (base 4) to base 2
-1
-222 (base 3) to base 6
-42
Convert -7 (base 9) to base 7.
-10
What is 11 (base 6) in base 8?
7
b (base 15) to base 6
15
-5 (base 12) to base 13
-5
What is 43 (base 16) in base 13?
52
21 (base 16) to base 11
30
What is -18 (base 11) in base 3?
-201
-3 (base 15) to base 7
-3
Convert -5 (base 6) to base 3.
-12
Convert 13 (base 11) to base 2.
1110
What is -29 (base 13) in base 2?
-100011
What is -1011 (base 2) in base 10?
-11
-42 (base 11) to base 4
-232
-2 (base 7) to base 11
-2
What is 41 (base 11) in base 15?
30
-44 (base 16) to base 13
-53
What is -6 (base 9) in base 6?
-10
57 (base 12) to base 14
4b
What is 3 (base 15) in base 2?
11
-10 (base 4) to base 10
-4
What is 13 (base 13) in base 8?
20
-2 (base 10) to base 14
-2
Convert -1001 (base 2) to base 6.
-13
Convert -79 (base 16) to base 15.
-81
Convert -4 (base 8) to base 4.
-10
Convert 0 (base 6) to base 9.
0
What is 21 (base 4) in base 16?
9
2 (base 12) to base 9
2
-3 (base 5) to base 13
-3
Convert -4 (base 13) to base 7.
-4
Convert -2 (base 15) to base 10.
-2
-31 (base 6) to base 4
-103
-9 (base 13) to base 4
-21
What is -128 (base 11) in base 3?
-12121
-110 (base 4) to base 6
-32
What is -3 (base 9) in base 16?
-3
0 (base 16) to base 11
0
Convert -110010100 (base 2) to base 16.
-194
What is -9 (base 11) in base 8?
-11
-3 (base 9) to base 14
-3
What is -6d (base 15) in base 11?
-94
-11 (base 2) to base 14
-3
What is 11000011 (base 2) in base 7?
366
Convert -17 (base 9) to base 2.
-10000
What is -102 (base 3) in base 15?
-b
Convert 5 (base 15) to base 8.
5
15 (base 6) to base 4
23
Convert -76 (base 12) to base 2.
-1011010
Convert -35 (base 12) to base 6.
-105
What is -21 (base 12) in base 14?
-1b
-3a (base 13) to base 9
-54
-12 (base 5) to base 2
-111
Convert -1 (base 10) to base 12.
-1
What is 1 (base 9) in base 14?
1
What is 11 (base 3) in base 8?
4
32 (base 12) to base 14
2a
What is 3 (base 8) in base 4?
3
Convert -32 (base 6) to base 3.
-202
100 (base 4) to base 8
20
Convert -2 (base 13) to base 8.
-2
Convert 0 (base 13) to base 2.
0
What is -2032 (base 5) in base 9?
-326
8 (base 9) to base 8
10
40 (base 5) to base 6
32
What is -35 (base 13) in base 5?
-134
What is -10 (base 7) in base 10?
-7
1 (base 5) to base 12
1
What is -6 (base 10) in base 8?
-6
Convert -5 (base 11) to base 15.
-5
Convert -11 (base 7) to base 4.
-20
What is -14 (base 10) in base 5?
-24
What is -23 (base 14) in base 8?
-37
What is -19 (base 10) in base 12?
-17
-294 (base 12) to base 8
-620
Convert -2 (base 11) to base 14.
-2
-10 (base 5) to base 10
-5
What is -2 (base 6) in base 2?
-10
Convert 2 (base 16) to base 7.
2
-10 (base 3) to base 7
-3
-3 (base 10) to base 11
-3
Convert -406 (base 9) to base 15.
-170
-140 (base 5) to base 15
-30
What is 5 (base 15) in base 16?
5
Convert -1 (base 4) to base 11.
-1
What is 130 (base 11) in base 4?
2122
Convert -4a (base 15) to base 13.
-55
Convert 10000101 (base 2) to base 16.
85
-1 (base 6) to base 9
-1
-22 (base 5) to base 10
-12
What is 0 (base 4) in base 13?
0
17 (base 13) to base 5
40
-6 (base 12) to base 8
-6
Convert -2 (base 3) to base 6.
-2
Convert 81 (base 15) to base 7.
232
What is -110000 (base 2) in base 6?
-120
153 (base 7) to base 11
7a
Convert -7 (base 8) to base 6.
-11
Convert 13 (base 7) to base 11.
a
55 (base 8) to base 13
36
Convert 1 (base 5) to base 11.
1
Convert 0 (base 14) to base 16.
0
-1 (base 3) to base 15
-1
What is 2 (base 15) in base 3?
2
What is -1f (base 16) in base 15?
-21
Convert -2 (base 13) to b